{"id":203,"date":"2025-09-11T13:59:23","date_gmt":"2025-09-11T11:59:23","guid":{"rendered":"https:\/\/hintzonline.de\/?page_id=203"},"modified":"2025-09-11T13:59:23","modified_gmt":"2025-09-11T11:59:23","slug":"windows-countdown-einrichten","status":"publish","type":"page","link":"https:\/\/hintzonline.de\/?page_id=203","title":{"rendered":"Windows Countdown einrichten"},"content":{"rendered":"<section class=\"av_textblock_section \"  itemscope=\"itemscope\" itemtype=\"https:\/\/schema.org\/CreativeWork\" ><div class='avia_textblock  '   itemprop=\"text\" ><p>Die Uhr-App von Windows 11 ist ein echtes Multitalent.<\/p>\n<p>Sie bietet eine Weltuhr zur Anzeige von Zeitzonen, eine Stoppuhr f\u00fcr pr\u00e4zise Zeitmessung und Timer f\u00fcr Aufgaben oder Pausen.<\/p>\n<p>Starten Sie die App einfach \u00fcber die <span style=\"color: #3366ff;\">Windows-Suche<\/span>, indem Sie <span style=\"color: #3366ff;\">Uhr<\/span> eintippen und die <span style=\"color: #3366ff;\">Eingabetaste<\/span> dr\u00fccken. W\u00e4hlen Sie dann den Men\u00fcpunkt <span style=\"color: #3366ff;\">Timer<\/span>.<br \/>\nWenn Sie nun zum Beispiel in einer Stunde etwas zu erledigen haben und Ihr PC Sie daran erinnern soll, klicken Sie auf die <span style=\"color: #3366ff;\">+ &#8211; Schaltfl\u00e4che<\/span>, geben 1 Stunde ein, klicken auf <span style=\"color: #3366ff;\">Speichern<\/span> und die <span style=\"color: #3366ff;\">Start<\/span>-Schaltfl\u00e4che.<br \/>\nKlicken Sie auf das Symbol oben rechts, bleibt der Countdown stets im Vordergrund. Tun Sie das nicht, laufen alle Funktionen im Hintergrund weiter, auch wenn Sie die App minimieren.<br \/>\nNach der vorgegebenen Zeit informiert Sie Windows mit Klingelzeichen und einer entsprechenden Meldung.<\/p>\n<\/div><\/section>\n<div  class='avia-button-wrap avia-button-center  avia-builder-el-1  el_after_av_textblock  avia-builder-el-last ' ><a href='https:\/\/hintzonline.de\/?page_id=141'  class='avia-button  avia-color-theme-color   avia-icon_select-yes-left-icon avia-size-small avia-position-center '   ><span class='avia_button_icon avia_button_icon_left ' aria-hidden='true' data-av_icon='\ue830' data-av_iconfont='entypo-fontello'><\/span><span class='avia_iconbox_title' >Zur\u00fcck<\/span><\/a><\/div>\n","protected":false},"excerpt":{"rendered":"","protected":false},"author":1,"featured_media":0,"parent":0,"menu_order":0,"comment_status":"closed","ping_status":"closed","template":"","meta":{"footnotes":""},"class_list":["post-203","page","type-page","status-publish","hentry"],"_links":{"self":[{"href":"https:\/\/hintzonline.de\/index.php?rest_route=\/wp\/v2\/pages\/203","targetHints":{"allow":["GET"]}}],"collection":[{"href":"https:\/\/hintzonline.de\/index.php?rest_route=\/wp\/v2\/pages"}],"about":[{"href":"https:\/\/hintzonline.de\/index.php?rest_route=\/wp\/v2\/types\/page"}],"author":[{"embeddable":true,"href":"https:\/\/hintzonline.de\/index.php?rest_route=\/wp\/v2\/users\/1"}],"replies":[{"embeddable":true,"href":"https:\/\/hintzonline.de\/index.php?rest_route=%2Fwp%2Fv2%2Fcomments&post=203"}],"version-history":[{"count":1,"href":"https:\/\/hintzonline.de\/index.php?rest_route=\/wp\/v2\/pages\/203\/revisions"}],"predecessor-version":[{"id":204,"href":"https:\/\/hintzonline.de\/index.php?rest_route=\/wp\/v2\/pages\/203\/revisions\/204"}],"wp:attachment":[{"href":"https:\/\/hintzonline.de\/index.php?rest_route=%2Fwp%2Fv2%2Fmedia&parent=203"}],"curies":[{"name":"wp","href":"https:\/\/api.w.org\/{rel}","templated":true}]}}