{"id":400,"date":"2025-09-17T10:37:07","date_gmt":"2025-09-17T08:37:07","guid":{"rendered":"https:\/\/hintzonline.de\/?page_id=400"},"modified":"2025-09-17T10:38:59","modified_gmt":"2025-09-17T08:38:59","slug":"windows-11-anmeldung-umgehen-2","status":"publish","type":"page","link":"https:\/\/hintzonline.de\/?page_id=400","title":{"rendered":"Windows 11 Anmeldung umgehen"},"content":{"rendered":"<section class=\"av_textblock_section \"  itemscope=\"itemscope\" itemtype=\"https:\/\/schema.org\/CreativeWork\" ><div class='avia_textblock  '   itemprop=\"text\" ><p>Sie finden es \u00fcberfl\u00fcssig, sich bei jedem Windows-11-Start mit Ihrem Passwort anzumelden?<br \/>\nMit diesem Trick k\u00f6nnen Sie diese oft unn\u00f6tige Prozedur \u00fcberspringen. Es ist zwar ein Sicherheitsrisiko, aber wenn Ihr Computer immer zu Hause steht und niemand au\u00dfer Ihnen Zugriff darauf hat, k\u00f6nnen Sie sich die Anmeldung tats\u00e4chlich sparen. Der Trick funktioniert \u00fcbrigens sowohl mit Microsoft- als auch mit lokalen Benutzerkonten.<\/p>\n<p>1.Falls Sie die Anmeldung per PIN (oder \u00c4hnlichem) nutzen: \u00d6ffnen Sie die <span style=\"color: #3366ff;\">Windows-Einstellungen<\/span>, und navigieren Sie zu <span style=\"color: #3366ff;\">Konten<\/span> und <span style=\"color: #3366ff;\">Anmeldeoptionen<\/span>. Klicken Sie hier auf <span style=\"color: #3366ff;\">Windows-Hello-PIN<\/span> und <span style=\"color: #3366ff;\">entfernen<\/span>.<\/p>\n<p>2. Dr\u00fccken Sie gleichzeitig die <span style=\"color: #3366ff;\">Windostaste+R<\/span>. Dadurch \u00f6ffnet sich das Fenster <span style=\"color: #3366ff;\">\u201eAusf\u00fchren\u201c<\/span>. Als Befehl geben Sie hier den Befehl <span style=\"color: #3366ff;\">\u201enetplwiz\u201c<\/span> ein, und klicken auf <span style=\"color: #3366ff;\">OK<\/span>. Dadurch \u00f6ffnet sich das Fenster <span style=\"color: #3366ff;\">\u201eBenutzerkonten\u201c<\/span>.<\/p>\n<p>3. <span style=\"color: #3366ff;\">Entfernen<\/span> Sie hier die <span style=\"color: #3366ff;\">Markierung vor Benutzer m\u00fcssen Benutzernamen und Kennwort eingeben<\/span>, und bejahen Sie mit <span style=\"color: #3366ff;\">OK<\/span>. Nachdem Sie Ihr Passwort beglaubigt haben, nervt die Anmeldung nicht mehr.<\/p>\n<\/div><\/section>\n<div  class='avia-button-wrap avia-button-center  avia-builder-el-1  el_after_av_textblock  avia-builder-el-last ' ><a href='https:\/\/hintzonline.de\/?page_id=141'  class='avia-button  avia-color-theme-color   avia-icon_select-yes-left-icon avia-size-small avia-position-center '   ><span class='avia_button_icon avia_button_icon_left ' aria-hidden='true' data-av_icon='\ue830' data-av_iconfont='entypo-fontello'><\/span><span class='avia_iconbox_title' >Zur\u00fcck<\/span><\/a><\/div>\n","protected":false},"excerpt":{"rendered":"","protected":false},"author":1,"featured_media":0,"parent":0,"menu_order":0,"comment_status":"closed","ping_status":"closed","template":"","meta":{"footnotes":""},"class_list":["post-400","page","type-page","status-publish","hentry"],"_links":{"self":[{"href":"https:\/\/hintzonline.de\/index.php?rest_route=\/wp\/v2\/pages\/400","targetHints":{"allow":["GET"]}}],"collection":[{"href":"https:\/\/hintzonline.de\/index.php?rest_route=\/wp\/v2\/pages"}],"about":[{"href":"https:\/\/hintzonline.de\/index.php?rest_route=\/wp\/v2\/types\/page"}],"author":[{"embeddable":true,"href":"https:\/\/hintzonline.de\/index.php?rest_route=\/wp\/v2\/users\/1"}],"replies":[{"embeddable":true,"href":"https:\/\/hintzonline.de\/index.php?rest_route=%2Fwp%2Fv2%2Fcomments&post=400"}],"version-history":[{"count":2,"href":"https:\/\/hintzonline.de\/index.php?rest_route=\/wp\/v2\/pages\/400\/revisions"}],"predecessor-version":[{"id":403,"href":"https:\/\/hintzonline.de\/index.php?rest_route=\/wp\/v2\/pages\/400\/revisions\/403"}],"wp:attachment":[{"href":"https:\/\/hintzonline.de\/index.php?rest_route=%2Fwp%2Fv2%2Fmedia&parent=400"}],"curies":[{"name":"wp","href":"https:\/\/api.w.org\/{rel}","templated":true}]}}